e tens digit of (0 + 20)/(-5) - u?
3
Suppose 1444608 = 196*u - 77*u + 109*u. What is the tens digit of u?
3
Let r be (6/5)/(0 - (-21)/35). Suppose 3*p + 3*u - 978 = 0, -r*p + 644 = u - 3*u. Let m = -157 + p. What is the hundreds digit of m?
1
Suppose 29324 = 12*v - 49468. What is the tens digit of v?
6
Let n = 7593 - 4801. What is the tens digit of n?
9
Let r(a) = -a**2 - 4*a + 1. Let c be r(-3). Suppose 0 = 2*d - c - 0. Suppose 0 = d*s + 5*m - 83, -s + 3*m - 5*m + 40 = 0. What is the units digit of s?
4
Let z = 8539 - 5640. What is the hundreds digit of z?
8
Let h(w) = -1291*w + 27. What is the tens digit of h(-4)?
9
Let g = 19127 + -11493. What is the hundreds digit of g?
6
Suppose 24440 = 2*p - 2*m - m, 0 = 2*p - 5*m - 24448. What is the hundreds digit of p?
2
Let n(p) = -5*p - 6*p + 3*p**3 - 4*p + 10 + 27*p - 14*p + 2*p**2. What is the hundreds digit of n(7)?
1
Let i be -46*(-3 + -5 - -6)/4. Suppose 67*l = i*l + 39908. What is the hundreds digit of l?
9
Suppose 3*s + 12 = 0, -2*w - 4*s + 3 = 17. Let q(c) = -192*c - 13. Let z(f) = -191*f - 13. Let d(n) = 2*q(n) - 3*z(n). What is the units digit of d(w)?
2
Let s(v) = v**2 - 60*v - 643. Let w be s(-10). Let p(z) = 15*z**3 - 2*z**2 + 1. Let b be p(1). Let a = w + b. What is the tens digit of a?
7
Let v(u) = -5*u + 7. Let x be v(25). Let t = 192 + x. What is the units digit of t?
4
Let q = -207 + -99. Let u = q + 200. Let o = u + 178. What is the units digit of o?
2
Let f(t) = -885 - 27*t + 753 - 2*t**2 + t**2 - 23*t. What is the units digit of f(-33)?
9
Let u(y) = -y**3 + 11*y**2 - 11*y - 7. Let m be u(9). Suppose -4*z + 5*n + 220 = 0, m = z - 3*n + 2*n. Let p = z + 27. What is the units digit of p?
7
Let b(i) be the third derivative of -1/5*i**5 - 3*i**2 - 1/120*i**6 + 0*i - 13/3*i**3 + 0 - 7/12*i**4. What is the units digit of b(-11)?
7
Let v(z) = -z**2 + 5*z + 1. Let u(h) = h**2 + 18*h - 84. Let w(x) = -u(x) - 3*v(x). What is the tens digit of w(24)?
4
Let g(d) be the first derivative of 9/2*d**2 + d**3 - 2*d - 9. What is the tens digit of g(-5)?
2
What is the units digit of ((-1348)/(-18))/(2/12) + 27460/(-20595)?
8
Let a(u) = u**2 + 8*u - 8. Let b be a(-9). What is the hundreds digit of (-5671)/53*(-3)/b?
3
Let m(l) = 2*l**3 - 31*l**2 - 7*l - 13. Let k = 133 + -117. What is the tens digit of m(k)?
3
Suppose 54*o - 3693144 = -55*o - 694009. What is the hundreds digit of o?
5
Let w = 71000 + -1503. What is the thousands digit of w?
9
Let z(j) = 9*j**2 - 29*j + 18. Let p be z(6). Let m(h) = -8*h. Let x be m(2). Let b = p + x. What is the tens digit of b?
5
Let n(l) = -1. Let j(y) = -13*y - 13. Let p(q) = -j(q) + 2*n(q). Let z be p(-7). Let g = z - -181. What is the units digit of g?
1
Let c(a) be the first derivative of -4 + 13*a + 9/2*a**2. What is the units digit of c(9)?
4
Let s(q) = 5*q - 7. Let d be s(2). Let i(p) = 95*p - 5. What is the hundreds digit of i(d)?
2
Suppose 87436 = 29*t + 19489. What is the units digit of t?
3
Suppose -n - 25 = -6*n, 30 = o + 4*n. Let z be ((-16)/o)/(24/(-1260)). Suppose z = y - 4*h, 5*y = 3*h + 214 + 291. What is the tens digit of y?
0
Let w(r) = -2*r + 23. Let f be w(9). Suppose -f + 1 = -s. Let t = s + 152. What is the tens digit of t?
5
Suppose -t + 6 = 2. Suppose -g - h = -447, -2*h + t = 2. What is the hundreds digit of g?
4
Let c(o) = -o - 6. Suppose f - 12 = 5*j + 30, -j + 5*f = 18. Let s be c(j). Suppose 2*q - 16 - s = -4*r, 5*q - 34 = r. What is the units digit of q?
7
Let z(o) = 26*o**2 - 27*o - 19. Let c be z(16). Suppose c - 850 = 9*a. What is the tens digit of a?
9
Suppose -11 - 4 = 3*n. Suppose 0*c + 3*c - 3*v = 108, 3*v - 87 = -2*c. Let u = c + n. What is the tens digit of u?
3
Let g = -104 - -89. Let i(q) = -179*q - 33. Let n be i(g). Suppose 0 = 9*d - 21*d + n. What is the tens digit of d?
2
Suppose -11*q + 6*q = 70. What is the units digit of 2193/6 - 21/q?
7
Let f(c) = 14*c + 0*c**2 + c**2 - 157134 + 157187. What is the units digit of f(-37)?
4
Let q = -122 - -76. Suppose -3*b = 5*h + 99, -3*h - 2*b - 57 = -b. Let v = h - q. What is the units digit of v?
8
Suppose a + 4*v - 1 = 42, -4*v = 3*a - 153. Let l(x) = 8*x - x**2 + a - 25 - 2*x. What is the units digit of l(7)?
3
Let p = 78 + -63. Let l = -8 + p. Suppose 5*y - b - 130 = 0, -l*y - b + 120 = -2*y. What is the units digit of y?
5
Let m(c) = 2*c + 191. Let a be (-50)/5 - -5 - -5. What is the units digit of m(a)?
1
Suppose 204*w - 221*w + 170226 + 21959 = 0. What is the ten thousands digit of w?
1
Suppose -219*s - 50531 = -242*s. What is the hundreds digit of s?
1
Suppose 5*a + 60 = -5*c, a + 30 = -4*c + c. Suppose 16*k - 21*k + 326 = 4*z, 5*z + 5 = 0. Let t = k + c. What is the units digit of t?
7
Suppose -8560 = -2*x + 4*w, 2*w = 5*x - 8541 - 12819. Suppose 5*q - 2*c = c + x, -4*q + 3418 = -2*c. What is the hundreds digit of q?
8
Suppose -4*j = 3*d - 149110, -11*d = -15*d - 5*j + 198814. What is the tens digit of d?
0
Let m = 10721 - 5344. What is the hundreds digit of m?
3
Let k = 96 + -177. Let q = 85 + k. Suppose -540 = -4*y + 3*m, 112 = y - q*m - 23. What is the units digit of y?
5
Suppose -r = h - 39440, 16 = -98*h + 100*h. What is the ten thousands digit of r?
3
Let y(r) = 97*r**2 + 51*r - 16. What is the thousands digit of y(-8)?
5
Suppose -150*u - 25897 = -179*u. What is the units digit of u?
3
Let z(v) = -3*v**3 - 2*v**2 - 2*v. Let n be z(3). Let x be ((-438)/(-9))/((-14)/n). Let c = -260 + x. What is the tens digit of c?
0
What is the tens digit of (5944 - 2) + -1 + 13 + -13?
4
Let o(i) = i**2 - 5*i + 2. Let r be o(4). Let z be r/9 - (-3690)/(-162). Let x = z - -44. What is the units digit of x?
1
Suppose 2*b + 19*b = -33579. Let a = -605 - b. What is the tens digit of a?
9
Let l(t) = 217*t + 211. Suppose 2*d = -4*a - 4, -70*d + a + 29 = -67*d. What is the units digit of l(d)?
7
Suppose 31*v + 44*v - 5698983 + 1581483 = 0. What is the thousands digit of v?
4
Let s = -1803 + 3132. Suppose -8*b + 10073 = s. What is the thousands digit of b?
1
Let x(g) = 58*g + 212. Let f(l) = -20*l + 270. Let k be f(13). What is the tens digit of x(k)?
9
Let g(w) = 1158*w**2 + 50*w - 98. What is the tens digit of g(3)?
7
Let w(l) be the third derivative of -l**4/12 + 15*l**3/2 - 650*l**2. Suppose 0 = -4*z + 5*z - 2*j + 7, 2*z + 38 = -2*j. What is the units digit of w(z)?
5
Let s(z) = 9*z**2 - 9*z + 772. What is the tens digit of s(32)?
0
Let a be (-4 + 70/15)/((-2)/(-9)). Let z be 8 - a - 1 - 1. Suppose 12 = -z*v + 105. What is the units digit of v?
1
Let q(b) = 11*b**2 + 9*b + 16. Let s be 2*6/4*16/(-6). Let n be q(s). Suppose 7*f = 3*f + n. What is the units digit of f?
2
Let n(f) = 23*f**2 + 7*f + 7. Let p be n(-3). Let j = p - -11. What is the units digit of j?
4
Let r be 0 + -1 - (2 + 58). Let n = 61 + r. Suppose 5*z + 50 = -2*i + 530, n = -4*i. What is the tens digit of z?
9
Suppose 18 = 5*o - 17. Let m(i) = -i**3 + 6*i**2 + 8*i - 5. Let d be m(o). Suppose d*y = -3*y + 380. What is the units digit of y?
6
Let b(s) = s**2 - s - 2. Let l(q) = q**3 - 34*q**2 + 2*q + 42. Let j(y) = -6*b(y) - l(y). What is the units digit of j(28)?
2
Let a = 267 + -261. What is the hundreds digit of (546 - a/((-8)/4)) + 0?
5
Suppose 0 = 2*h - 30 + 18. Suppose -3*r = 5*f - h*f + 694, 2*f + 2*r - 1404 = 0. What is the tens digit of f?
0
Suppose -2*u + 72471 = v, 2*u - 374*v + 379*v = 72483. What is the thousands digit of u?
6
Let i be (18/(-27))/((-4)/30)*1. Suppose -5*g + 2*x = -484, -x = -3*g - 2*g + 482. Suppose -14 = -o - 5*f, 0 = i*o - 0*f - f - g. What is the tens digit of o?
1
Suppose -4*c - 3*p + 12 = -16, -5*p = -c - 16. Let z be c - (-1 + 2)*6/(-6). Let l(w) = -2*w**3 + 10*w**2 + 3*w - 10. What is the units digit of l(z)?
5
Let h = 28688 + -10987. What is the hundreds digit of h?
7
Let w(g) = 100*g**2 + 23*g - 185. What is the thousands digit of w(7)?
4
What is the ten thousands digit of (2583/(-6))/(((-5)/(-440))/((-20)/16))?
4
Let a(b) = -b**3 - 10*b**2 - 23*b - 11. Let v be a(-7). Suppose v*t + 3609 = 5*q, 10*q - 2*t - 3606 = 5*q. What is the units digit of q?
0
Suppose 4603 = 3*v - 4*z - 29948, 2*v - 23034 = -z. What is the units digit of v?
7
Suppose 922*w - 917*w - 351145 = 0. What is the units digit of w?
9
Let i(d) = -577*d**3 - 7*d**2 + 17*d - 13. What is the ten thousands digit of i(